{"id":193,"date":"2026-04-12T18:15:46","date_gmt":"2026-04-12T16:15:46","guid":{"rendered":"https:\/\/mmc-spalt.de\/?page_id=193"},"modified":"2026-04-12T18:17:51","modified_gmt":"2026-04-12T16:17:51","slug":"maiandacht-2","status":"publish","type":"page","link":"https:\/\/mmc-spalt.de\/?page_id=193","title":{"rendered":"Maiandacht"},"content":{"rendered":"\n<p>Die Maiandacht der MMC findet am <strong>Freitag, 22. Mai 2026 um 19 Uhr <\/strong>an der Sch\u00f6nstattkapelle statt. Eingeladen dazu sind nicht nur die Sodalen, sondern jeder, der gern drau\u00dfen in der Natur mit uns die Maiandacht halten m\u00f6chte, ausdr\u00fccklich auch Frauen!<\/p>\n\n\n\n<figure class=\"wp-block-image size-large\"><img loading=\"lazy\" decoding=\"async\" width=\"768\" height=\"1024\" src=\"https:\/\/mmc-spalt.de\/wp-content\/uploads\/2026\/04\/20220514_104610-768x1024.jpg\" alt=\"\" class=\"wp-image-174\" srcset=\"https:\/\/mmc-spalt.de\/wp-content\/uploads\/2026\/04\/20220514_104610-768x1024.jpg 768w, https:\/\/mmc-spalt.de\/wp-content\/uploads\/2026\/04\/20220514_104610-225x300.jpg 225w, https:\/\/mmc-spalt.de\/wp-content\/uploads\/2026\/04\/20220514_104610-1152x1536.jpg 1152w, https:\/\/mmc-spalt.de\/wp-content\/uploads\/2026\/04\/20220514_104610-1536x2048.jpg 1536w, https:\/\/mmc-spalt.de\/wp-content\/uploads\/2026\/04\/20220514_104610-scaled.jpg 1920w\" sizes=\"auto, (max-width: 768px) 100vw, 768px\" \/><figcaption class=\"wp-element-caption\">Sch\u00f6nstattkapelle<\/figcaption><\/figure>\n\n\n\n<p>Wegbeschreibung: <br>Spalt, Hagsbronner Stra\u00dfe, ortsausw\u00e4rts, ca. 100 Meter nach der Abzweigung Kaltenbrunn, auf der linken Seite.<br>GPS: 49.16836, 10.92381<\/p>\n","protected":false},"excerpt":{"rendered":"<p>Die Maiandacht der MMC findet am Freitag, 22. Mai 2026 um 19 Uhr an der Sch\u00f6nstattkapelle statt. Eingeladen dazu sind nicht nur die Sodalen, sondern jeder, der gern drau\u00dfen in &hellip; <\/p>\n<p class=\"link-more\"><a href=\"https:\/\/mmc-spalt.de\/?page_id=193\" class=\"more-link\"><span class=\"screen-reader-text\">\u201eMaiandacht\u201c <\/span>weiterlesen<\/a><\/p>\n","protected":false},"author":1,"featured_media":0,"parent":0,"menu_order":0,"comment_status":"closed","ping_status":"closed","template":"","meta":{"footnotes":""},"class_list":["post-193","page","type-page","status-publish","hentry","entry"],"_links":{"self":[{"href":"https:\/\/mmc-spalt.de\/index.php?rest_route=\/wp\/v2\/pages\/193","targetHints":{"allow":["GET"]}}],"collection":[{"href":"https:\/\/mmc-spalt.de\/index.php?rest_route=\/wp\/v2\/pages"}],"about":[{"href":"https:\/\/mmc-spalt.de\/index.php?rest_route=\/wp\/v2\/types\/page"}],"author":[{"embeddable":true,"href":"https:\/\/mmc-spalt.de\/index.php?rest_route=\/wp\/v2\/users\/1"}],"replies":[{"embeddable":true,"href":"https:\/\/mmc-spalt.de\/index.php?rest_route=%2Fwp%2Fv2%2Fcomments&post=193"}],"version-history":[{"count":2,"href":"https:\/\/mmc-spalt.de\/index.php?rest_route=\/wp\/v2\/pages\/193\/revisions"}],"predecessor-version":[{"id":195,"href":"https:\/\/mmc-spalt.de\/index.php?rest_route=\/wp\/v2\/pages\/193\/revisions\/195"}],"wp:attachment":[{"href":"https:\/\/mmc-spalt.de\/index.php?rest_route=%2Fwp%2Fv2%2Fmedia&parent=193"}],"curies":[{"name":"wp","href":"https:\/\/api.w.org\/{rel}","templated":true}]}}