{"id":6,"date":"2021-09-16T16:37:50","date_gmt":"2021-09-16T14:37:50","guid":{"rendered":"http:\/\/mmc-spalt.de\/?page_id=6"},"modified":"2026-04-12T18:28:09","modified_gmt":"2026-04-12T16:28:09","slug":"ueber-uns","status":"publish","type":"page","link":"https:\/\/mmc-spalt.de\/","title":{"rendered":"\u00dcber uns"},"content":{"rendered":"\n<figure class=\"wp-block-image size-large\"><img loading=\"lazy\" decoding=\"async\" width=\"1024\" height=\"576\" src=\"https:\/\/mmc-spalt.de\/wp-content\/uploads\/2026\/04\/cropped-20260411_184137-scaled-1-1024x576.jpg\" alt=\"\" class=\"wp-image-172\" srcset=\"https:\/\/mmc-spalt.de\/wp-content\/uploads\/2026\/04\/cropped-20260411_184137-scaled-1-1024x576.jpg 1024w, https:\/\/mmc-spalt.de\/wp-content\/uploads\/2026\/04\/cropped-20260411_184137-scaled-1-300x169.jpg 300w, https:\/\/mmc-spalt.de\/wp-content\/uploads\/2026\/04\/cropped-20260411_184137-scaled-1-768x432.jpg 768w, https:\/\/mmc-spalt.de\/wp-content\/uploads\/2026\/04\/cropped-20260411_184137-scaled-1-1536x864.jpg 1536w, https:\/\/mmc-spalt.de\/wp-content\/uploads\/2026\/04\/cropped-20260411_184137-scaled-1.jpg 1920w\" sizes=\"auto, (max-width: 1024px) 100vw, 1024px\" \/><\/figure>\n\n\n\n<p>Die Marianische M\u00e4nnerkongregation Spalt wurde im Jahr 1659 gegr\u00fcndet und ist eine Filialkongregation der Marianischen M\u00e4nnerkongregation Eichst\u00e4tt.<br><a href=\"https:\/\/mmc.bistum-eichstaett.de\/filialkongregationen\/spalt\/\">https:\/\/mmc.bistum-eichstaett.de\/filialkongregationen\/spalt\/<\/a><\/p>\n\n\n\n<p>Pr\u00e4ses: H. H. Pfarrer Josef Mederer<\/p>\n\n\n\n<p>Pr\u00e4fekt: Richard Schneider<br>Stettiner Str. 4, 91174 Spalt<br>Tel 09175 907124<br>Mobil 0160 3720378<br>richard@schneider-spalt.de<\/p>\n","protected":false},"excerpt":{"rendered":"<p>Die Marianische M\u00e4nnerkongregation Spalt wurde im Jahr 1659 gegr\u00fcndet und ist eine Filialkongregation der Marianischen M\u00e4nnerkongregation Eichst\u00e4tt.https:\/\/mmc.bistum-eichstaett.de\/filialkongregationen\/spalt\/ Pr\u00e4ses: H. H. Pfarrer Josef Mederer Pr\u00e4fekt: Richard SchneiderStettiner Str. 4, 91174 SpaltTel &hellip; <\/p>\n<p class=\"link-more\"><a href=\"https:\/\/mmc-spalt.de\/\" class=\"more-link\"><span class=\"screen-reader-text\">\u201e\u00dcber uns\u201c <\/span>weiterlesen<\/a><\/p>\n","protected":false},"author":1,"featured_media":0,"parent":0,"menu_order":0,"comment_status":"closed","ping_status":"closed","template":"","meta":{"footnotes":""},"class_list":["post-6","page","type-page","status-publish","hentry","entry"],"_links":{"self":[{"href":"https:\/\/mmc-spalt.de\/index.php?rest_route=\/wp\/v2\/pages\/6","targetHints":{"allow":["GET"]}}],"collection":[{"href":"https:\/\/mmc-spalt.de\/index.php?rest_route=\/wp\/v2\/pages"}],"about":[{"href":"https:\/\/mmc-spalt.de\/index.php?rest_route=\/wp\/v2\/types\/page"}],"author":[{"embeddable":true,"href":"https:\/\/mmc-spalt.de\/index.php?rest_route=\/wp\/v2\/users\/1"}],"replies":[{"embeddable":true,"href":"https:\/\/mmc-spalt.de\/index.php?rest_route=%2Fwp%2Fv2%2Fcomments&post=6"}],"version-history":[{"count":5,"href":"https:\/\/mmc-spalt.de\/index.php?rest_route=\/wp\/v2\/pages\/6\/revisions"}],"predecessor-version":[{"id":199,"href":"https:\/\/mmc-spalt.de\/index.php?rest_route=\/wp\/v2\/pages\/6\/revisions\/199"}],"wp:attachment":[{"href":"https:\/\/mmc-spalt.de\/index.php?rest_route=%2Fwp%2Fv2%2Fmedia&parent=6"}],"curies":[{"name":"wp","href":"https:\/\/api.w.org\/{rel}","templated":true}]}}